se -3*x - 2 = -4*x. Let c be 39/x + (-4)/(-8). What is the units digit of 19/4 + (-15)/c?
4
Suppose d - 2*d + 3*f = 17, -4*d - 4*f - 4 = 0. Let q = d - -9. What is the tens digit of 2 + (2 - q - -11)?
1
Suppose 3*g - 2*b = 6*g - 75, -5*g - 2*b = -121. What is the tens digit of g?
2
Let i be (0 - 3)/(9/(-174)). Let s = i + -36. What is the tens digit of s?
2
Let l(y) = -y**3 + 7*y**2 + 2*y - 5. Let i be l(7). What is the tens digit of 3/i + (-505)/(-15)?
3
Let a(o) = -o**3 - 8*o**2 - 4*o - 17. What is the units digit of a(-8)?
5
Suppose -2*y = 2*n - 8 - 70, n + 5*y - 23 = 0. What is the units digit of n?
3
Let m(h) = 3*h**2 - h - 2. Let t be m(-2). Suppose f - t = -5*g + 6, 210 = 5*f + g. What is the units digit of f?
3
Let t(q) = -q**2 + q + 13. Let m be 0/(1 + 0 - 3). What is the tens digit of t(m)?
1
Let w be 6/15 + 296/10. Suppose -w = -0*a - 2*a. What is the tens digit of a?
1
Let u = 507 + -285. What is the tens digit of u?
2
Suppose 2*o = -3*z + 7 + 24, o = -z + 17. What is the tens digit of o?
2
Let k(r) be the second derivative of r**3/6 - r**2/2 + r. What is the units digit of k(4)?
3
Let v = 214 + -112. Suppose -2*o - v = -2*d - 0*o, 5*d + 3*o = 215. What is the units digit of d?
6
Suppose -4*m = m - 15, -5*f - 3*m - 76 = 0. Let a = f - -26. What is the units digit of a?
9
Let s(f) = -f**3 + f**2 - 102. Let j be s(0). Let c be 4/(-10) + j/(-30). Suppose -1 = -i + c. What is the units digit of i?
4
Let d(w) = w**2 + 13*w + 3. What is the tens digit of d(-14)?
1
Let o be ((-8)/12)/((-2)/27). Let d(v) = -v**2 + 9*v + 4. Let k be d(o). Suppose -3*c + k = -5. What is the units digit of c?
3
Suppose 5*r = -5 + 35. Suppose -r = -v + 2*f, 4*f = 5*v + 18 - 72. What is the units digit of v?
4
Let z = 3 + 0. Suppose 2*f + 8 = z*f. What is the units digit of f?
8
Suppose 0 = -2*k - 14 + 60. Suppose -3 = 5*x - k. Suppose 18 = x*q - 10. What is the units digit of q?
7
Let i = 94 + 66. Suppose 56 = 3*o + 5*v - 0*v, -i = -5*o + 5*v. What is the tens digit of o?
2
Let u(w) = w**2 + 6*w + 5. Suppose -9 - 9 = 3*n. Let m be u(n). Suppose m*v + i = -i + 13, -22 = -2*v - 5*i. What is the units digit of v?
1
Suppose 5*w = -2*d + 79 + 61, 109 = 4*w + d. Suppose -6*g + g = 75. Let x = w + g. What is the tens digit of x?
1
Let r be (-2)/4 - (-116)/8. Suppose -r = -z + 11. What is the units digit of z?
5
Suppose -2*y - 4*y + 138 = 0. Let m(x) = -3*x - 2. Let o be m(4). Let c = o + y. What is the units digit of c?
9
Let z(n) = 2*n**2 + 23*n - 25. Let b = 1 + -4. Let v(i) = i**2 + 12*i - 13. Let d(u) = b*z(u) + 5*v(u). What is the tens digit of d(-9)?
1
Let z = 0 - 0. Suppose 4*x + 9 = 7*x. Suppose f = -z*f + x. What is the units digit of f?
3
Let x = 4 + -2. Suppose 0 = 2*w - 5*b - 17, 3 = w - x*b - 5. What is the units digit of w?
6
Let a(t) = 2*t - 1. Let l be a(2). Suppose -54 = -l*q - 3*c, -4*q - 4*c = -2*c - 64. What is the tens digit of q?
1
Suppose 3*h + c = 52, 0*h + h - c = 20. Suppose h = 3*u - 6. What is the units digit of u?
8
Let v(n) = n**3 + 10*n**2 - 5*n - 19. What is the units digit of v(-8)?
9
Let w(g) = g + 11. Let h be w(0). Let n = -7 + h. What is the units digit of n?
4
Let k be (3 + 46/(-14))*-7. Suppose -h = k*h - 84. What is the tens digit of h?
2
Let k(m) = m**3 - 9*m**2 - 7. Let u be k(9). Let x = u + 11. What is the units digit of x?
4
Suppose -3*q + 29 + 67 = 0. What is the units digit of q?
2
Suppose -5*c + 11 = -9. Let t = c - -5. What is the units digit of t?
9
Let v = 6 + -6. Suppose v*b + 2*b = 46. What is the units digit of b?
3
Let g(f) = f + 3. Let b(k) = 2*k. Let w be b(4). Let z(m) = -m**2 + 8*m + 7. Let c be z(w). What is the tens digit of g(c)?
1
Let m be -1*3*(7 + -6). Let v be ((-10)/(-8))/(m/(-24)). Let f = v + -4. What is the units digit of f?
6
Suppose 19*a - 2079 = 6148. What is the tens digit of a?
3
Let u be 26/14 + (-6)/(-42). Suppose -2*t + 8 = u, 9 = -2*g + 5*t. What is the units digit of g?
3
Let o = -7 + 10. Suppose -2*x - 4 = -c, 4*c - 20 = o*x - 4. What is the units digit of c?
4
Suppose y - 3 = -2*x - 3*x, -4*y + 56 = -2*x. What is the tens digit of y?
1
Suppose 3*x - o - 11 = 158, -5*x + 315 = 5*o. What is the units digit of x?
8
Suppose -4*a + 2*b = -102, -a + 76 = 2*a - b. What is the tens digit of a?
2
Let z be 2*(-1)/6*-87. Let n be z/(-4) + 1/4. Let i(s) = -s**3 - 8*s**2 - 9*s - 6. What is the units digit of i(n)?
8
Suppose 0 = 2*y + y - 18. Let s = 14 - y. What is the tens digit of (-2)/s - (-122)/8?
1
Let v be (-30)/(-12)*(-12)/10. Let x = 36 - v. What is the tens digit of x?
3
Suppose -1 = -v + b - 0, 4*v - 2*b = -6. What is the tens digit of ((-5)/v)/(8/192)?
3
Suppose 0 = 4*d, -4*d + 64 + 108 = 4*y. What is the units digit of y?
3
Let f be 3/((-6)/(-8)) - 1. Suppose 4*m + f = 11. What is the units digit of m?
2
Let m(z) be the second derivative of -5*z**3/3 - 3*z**2/2 + 6*z. What is the units digit of m(-5)?
7
Let f(n) = n - 5 + 0 + 4. What is the units digit of f(2)?
1
Let z(w) = -2*w + 5*w - w + 6 - 3*w. Let m be z(6). What is the units digit of (-6)/(-1*(2 + m))?
3
Let y(m) be the first derivative of -1 + 4*m**2 + 0*m - 1/3*m**3. What is the units digit of y(6)?
2
Suppose 7*p = 2*p - 215. Let t = 91 + p. Let o = -34 + t. What is the units digit of o?
4
Suppose 4*z - 160 = -c, 6*z + 2*c - 156 = 2*z. What is the units digit of z?
1
Suppose 2*v - 6 = -0. Suppose -2*c + 3*c - 2 = 0. Suppose -v = -c*a + 3. What is the units digit of a?
3
Let x = -1 - -2. Suppose x = u + 5. Let b = u - -7. What is the units digit of b?
3
Let y = 5 - 5. Suppose 3*c = -y*c - 27. Let i = 8 - c. What is the tens digit of i?
1
Suppose -12 = -4*q + 3*h, q - 3*h - 15 = -4*q. Suppose -x - 30 = 5*m - 94, -4*x - 20 = -q*m. What is the units digit of m?
2
Let q be ((-2)/1)/(4/6). Let p = q - -4. Let k = p - -2. What is the units digit of k?
3
Suppose 2*c + j - 49 - 49 = 0, 2*j = -3*c + 145. What is the units digit of c?
1
Let c(j) = 5*j**2 - j - 2. Let m(t) = 3*t**2 - 2*t + 1. Let l be m(1). What is the tens digit of c(l)?
1
Let m = 5 + -3. Suppose -4*w = -k + 4, 5 + 3 = -m*k. What is the units digit of 4*((-7)/w - -1)?
8
What is the units digit of (0 - -99) + (15/3 - 7)?
7
Suppose -5*n - 15 - 75 = 0. Let v be 4/n - 254/(-9). Suppose v = 5*h - 22. What is the units digit of h?
0
Suppose 0 = b - 5*b - 36. Let j(o) = -o**2 - 10*o - 1. What is the units digit of j(b)?
8
Let v = 211 + -127. What is the tens digit of v?
8
Let y = -167 - -238. What is the units digit of y?
1
Suppose -3*g + 4*z = -7 - 1, -z + 4 = 0. Suppose 0 = 3*n + 2 - g. Suppose -n*f = f - 15. What is the units digit of f?
5
Suppose 16 - 6 = 2*k. Suppose 2*h - 38 = -k*u + 20, -5*h - 10 = -3*u. What is the tens digit of u?
1
Suppose 0 = -2*w + 4, w = -g + 5*w - 4. Let z be ((-56)/6)/(g/(-6)). Let l = 23 - z. What is the units digit of l?
9
Let s = 102 + -48. What is the tens digit of s?
5
Suppose k + k - 8 = 0. Suppose 17 = k*q - 3*q + z, 2*q = 4*z + 16. What is the tens digit of q?
1
Suppose 6*r - 14 = r + 2*x, -5*r + 4*x = -18. Suppose -4*z + 2*z - r = 0. Let b = z - -2. What is the units digit of b?
1
Suppose x - 2*r - 26 = 2*r, 9 = 3*r. What is the units digit of x?
8
Suppose -13 = -c + 62. Suppose 4*g + 2*m - 90 = 0, -5*m + 10 = 3*g - c. What is the units digit of g?
0
Suppose -7 = -v + 5*y, 4*v - 2*y - 10 = -0*y. Suppose d - 72 = -2*d. Suppose -v*b = -0*b - d. What is the units digit of b?
2
Suppose 13 = j - 5*b, -87 = -3*j - 2*b + b. Let k = -48 - -32. Let n = k + j. What is the tens digit of n?
1
Let y(g) be the first derivative of -g**2/2 + 2*g - 1. Suppose -w - 5*c - 23 = 0, -w + 25 = -4*w - 4*c. What is the units digit of y(w)?
5
What is the units digit of (-982)/(-10) - (-8)/80*-2?
8
Suppose -9*t + 17 = -8*t. What is the units digit of t?
7
Let h(j) = 17*j - 8. Let p be h(4). Suppose 5*y = 65 + p. What is the units digit of y?
5
Let b(a) = 2*a**2 + 14*a + 5. What is the tens digit of b(-11)?
9
Let i = 10 + -7. Let f = -2 + i. What is the units digit of f?
1
Let a(g) = 2*g**2 - 4*g - 3*g**2 + 2*g**2 + 6 + g. What is the units digit of a(5)?
6
Let q = 59 + -45. What is the units digit of q?
4
Let o be 0 + 3 - (-4 + 1). Suppose -29 = -5*j + o*p - 2*p, j + 3*p - 21 = 0. What is the units digit of j?
9
Let d(m) be the third derivative of m**6/120 - 7*